).
-76
Let t(d) = 166*d**2 + 246*d - 1233. What is t(5)?
4147
Let n(s) = -1272*s + 133566. Determine n(105).
6
Let x(n) = -n**2 + 313*n + 27288. Determine x(-73).
-890
Let g(n) = n**3 + 7*n**2 - 146*n - 9. Determine g(10).
231
Let q(x) = -11*x**2 + 853*x - 2546. What is q(3)?
-86
Let d(k) = -6*k**2 + 477*k - 3517. Determine d(8).
-85
Let u(v) = -814*v + 44777. Calculate u(55).
7
Let s(r) = -13*r + 611. Calculate s(119).
-936
Let u(s) = -440*s - 18643. Determine u(-43).
277
Let t(q) = 17*q**3 + 853*q**2 + 142*q - 165. Determine t(-50).
235
Let y(k) = 4*k**2 + 95*k + 465. Determine y(-4).
149
Let t(w) = w**2 + 187154*w - 6926107. Give t(37).
-40
Let f(a) = 123*a**3 - 2*a**2 - 36*a - 67. Calculate f(-2).
-987
Let c(g) = -4*g**3 - 9*g**2 - 180*g - 566. Give c(-3).
1
Let c(q) = -2*q**2 + 16219*q + 97381. Determine c(-6).
-5
Let t(i) = 6*i**3 - 660*i**2 + 666*i - 73247. Calculate t(110).
13
Let m(t) = 2*t**3 + 179*t**2 - 10305*t + 10999. Determine m(39).
1
Let f(m) = -4531*m + 4542. Give f(1).
11
Let u(f) = -1856*f**2 - 1891*f - 38. Calculate u(-1).
-3
Let s(n) = 230*n**2 + 307*n - 328. Calculate s(1).
209
Let v(h) = -2913*h**2 - 34951*h - 10. What is v(-12)?
-70
Let o(g) = -g**3 + 310*g**2 + 2215*g + 1582. Calculate o(317).
314
Let l(q) = -q**3 + 15*q**2 - 78*q + 7052. What is l(24)?
-4
Let w(f) = -2*f**2 - 2944*f - 72316. Give w(-25).
34
Let v(j) = 2*j**2 - 83*j - 3139. What is v(61)?
-760
Let k(t) = 8*t + 1734. Give k(6).
1782
Let z(f) = f**2 + 187*f + 5315. Give z(-35).
-5
Let z(w) = w**3 - 10*w**2 - 276*w + 1041. What is z(21)?
96
Let f(l) = -6518*l + 593107. Determine f(91).
-31
Let a(f) = 60*f**2 + 38592*f + 7731. Determine a(-643).
15
Let d(b) = 3*b**3 - 4*b**2 + 11*b + 28. Give d(-5).
-502
Let r(q) = -2521*q + 133623. What is r(53)?
10
Let b(f) = -6*f**2 + 491*f - 1299. Calculate b(79).
44
Let g(l) = 305*l - 2446. Give g(9).
299
Let v(r) = r**3 + 5*r**2 - 507*r - 228. Calculate v(21).
591
Let m(c) = -3*c**3 + 5*c**2 + 18*c - 23. Determine m(-4).
177
Let u(a) = -2*a**3 - 452*a**2 + 14*a + 4332. Give u(-226).
1168
Let a(f) = 2*f**2 - 289*f - 88351. Calculate a(-150).
-1
Let u(z) = 453*z - 7818. Calculate u(19).
789
Let s(g) = -41*g**2 - 934*g + 3330. What is s(-26)?
-102
Let d(a) = 6*a**2 + 143*a - 28488. Give d(58).
-10
Let y(j) = 9*j**3 + 115*j**2 + 490*j + 525. What is y(-2)?
-67
Let g(m) = 18073*m - 306487. Calculate g(17).
754
Let d(z) = 1004613*z - 9041524. Determine d(9).
-7
Let p(s) = -6*s**3 + 1289*s**2 + 2825*s - 894. Calculate p(217).
-26
Let y(s) = 3471*s + 69766. What is y(-20)?
346
Let z(y) = y**2 - 94*y + 422. Calculate z(18).
-946
Let b(h) = 794*h**2 + 27060*h + 2172. Give b(-34).
-4
Let z(u) = -43112*u + 301806. Give z(7).
22
Let q(v) = 10464*v + 763874. Determine q(-73).
2
Let l(m) = -17*m**2 - 469*m + 3703. Determine l(-34).
-3
Let x(k) = -8*k**3 + 3*k**2 - 21*k - 132. What is x(5)?
-1162
Let p(n) = -n**3 - 50*n**2 + 66*n + 768. Give p(-51).
3
Let f(z) = 6654*z + 232892. Determine f(-35).
2
Let m(i) = -2009*i + 861802. Give m(429).
-59
Let k(s) = -17123*s + 102652. Calculate k(6).
-86
Let r(x) = 102315*x + 1125465. Give r(-11).
0
Let y(h) = -h**3 + 22*h**2 - 2953*h - 9095. What is y(-3)?
-11
Let n(q) = -3307*q - 480. Give n(0).
-480
Let v(y) = 45*y**2 + 49*y + 7. Calculate v(-3).
265
Let g(k) = -13398*k + 1808714. What is g(135)?
-16
Let l(v) = 1278*v + 12592. Determine l(-10).
-188
Let p(n) = 10*n**3 + 230*n**2 + 214*n - 47. What is p(-22)?
85
Let s(f) = -21476*f + 130423. Calculate s(6).
1567
Let q(d) = -d**2 - 79*d + 810. What is q(9)?
18
Let n(o) = -51*o + 610. Calculate n(15).
-155
Let g(i) = -4*i**2 + 2205*i - 52624. What is g(25)?
1
Let j(n) = 3*n**2 - 129*n + 725. Determine j(35).
-115
Let u(q) = 18*q**3 - 146*q**2 - 170*q + 238. What is u(9)?
4
Let a(c) = -c**3 - 131*c**2 - 248*c + 1087. Calculate a(-129).
-203
Let c(r) = 280729*r - 23581238. Give c(84).
-2
Let o(s) = -633*s - 29596. Determine o(-47).
155
Let b(a) = 57*a**3 - 2*a**2 + 66*a - 65. Calculate b(1).
56
Let l(n) = 10390*n - 342864. Give l(33).
6
Let g(s) = 17*s**2 - 686*s + 54. Calculate g(42).
1230
Let h(y) = -3500*y + 17476. Calculate h(5).
-24
Let h(c) = -5*c**3 + 731*c**2 + 1333*c - 155. Calculate h(148).
-7
Let y(m) = -28*m + 709. Determine y(25).
9
Let y(v) = 22*v**3 - 3207*v**2 - 743*v + 1910. Calculate y(146).
12
Let h(p) = -p**3 - 30*p**2 - p + 159. Calculate h(0).
159
Let t(c) = -11*c**2 - 1354*c + 127. Calculate t(-123).
250
Let l(w) = -3397*w + 122396. Determine l(36).
104
Let g(f) = 28729*f - 4136979. Give g(144).
-3
Let q(c) = 4829*c - 43411. Determine q(9).
50
Let m(z) = 2*z**2 - 42*z + 110. Determine m(2).
34
Let o(l) = 18*l**3 + 187*l**2 - 200*l - 2677. Give o(-10).
23
Let c(x) = -339*x + 5130. Calculate c(17).
-633
Let f(w) = -746*w - 4043. What is f(-5)?
-313
Let j(a) = 2*a**3 + 23*a**2 - 192*a - 998. What is j(-4)?
10
Let a(h) = 4*h**2 - 20859*h - 83448. Calculate a(-4).
52
Let h(x) = x**3 - 19*x**2 - 307*x + 5968. Determine h(18).
118
Let q(c) = 27*c**3 - 1253*c**2 - 788*c + 1699. Determine q(47).
7
Let p(k) = -k**3 - 61*k**2 + 1935*k - 96. Give p(23).
-27
Let z(x) = 10212*x + 204219. Calculate z(-20).
-21
Let p(j) = 2*j**3 - 3*j**2 - 285*j - 1025. Calculate p(-4).
-61
Let q(i) = 2253*i + 202778. Calculate q(-90).
8
Let f(z) = -z**2 + 27790*z + 166779. Give f(-6).
3
Let r(u) = -u**3 - 186*u**2 - 2686*u + 259. Determine r(-16).
-285
Let u(i) = -i**3 - 160*i**2 - 905*i + 105. Give u(-6).
-9
Let p(m) = -30867*m + 2129887. Calculate p(69).
64
Let g(q) = 16*q**2 + 40*q - 766. Calculate g(11).
1610
Let h(x) = 2511*x + 454510. Determine h(-181).
19
Let b(v) = -16*v**3 - 37*v**2 + 2*v - 16. Give b(-3).
77
Let b(v) = -136*v - 10568. What is b(-78)?
40
Let y(j) = j**3 - 77*j**2 - 1275*j - 299. Determine y(91).
-390
Let p(g) = 20*g**3 - 670*g**2 + 321*g + 284. Give p(33).
-13
Let i(x) = x**3 + 9*x**2 - 135*x - 1152. Give i(-12).
36
Let f(q) = -16714*q + 99985. What is f(6)?
-299
Let i(a) = 7017*a + 7545. Give i(-1).
528
Let s(n) = -14*n**3 + 101*n**2 - 241*n + 809. Determine s(6).
-25
Let b(g) = 500757*g + 5007620. What is b(-10)?
50
Let o(w) = -204*w**2 + 3693*w - 371. Calculate o(18).
7
Let y(b) = -276*b**2 + 1602*b + 4794. Calculate y(-3).
-2496
Let z(c) = -c**2 + 3632*c - 1145750. Calculate z(349).
17
Let u(a) = 3*a**3 - 6*a**2 - 276*a + 570. Determine u(2).
18
Let r(u) = 9*u**2 - 322*u - 1279. What is r(-4)?
153
Let n(k) = -183*k + 906. What is n(3)?
357
Let i(r) = -10*r**3 + 300*r**2 + 3*r + 98. Give i(30).
188
Let w(f) = 3738*f + 29892. Calculate w(-8).
-12
Let g(h) = -h**3 - 8*h**2 - 234*h - 1900. What is g(-8)?
-28
Let y(t) = -14*t**2 + 12629*t + 88337. Give y(-7).
-752
Let s(r) = r**3 - 35*r**2 - 17*r - 159. Calculate s(35).
-754
Let h(a) = a**3 - 20*a**2 - 537*a + 434. Give h(35).
14
Let b(n) = 2*n**3 + 144*n**2 - 53852*n - 536. What is b(132)?
-8
Let t(m) = 13*m**2 + 227*m + 671. What is t(-3)?
107
Let r(f) = -5*f**2 + 1998*f + 669. What is r(399)?
1866
Let h(w) = -w**3 - 274*w**2 - 4149*w - 5490. What is h(-258)?
-72
Let w(q) = -809*q**2 - 4831*q. Give w(-6).
-138
Let d(f) = -3*f**2 + 3416*f + 817077. Give d(-203).
2
Let f(p) = p**2 - 2890*p + 17443. Give f(6).
139
Let o(g) = 1427*g - 55801. Give o(39).
-148
Let a(t) = 4*t**3 - t**2 + 63*t + 55. Calculate a(-1).
-13
Let c(t) = -3*t**3 + 356*t**2 - 243*t + 961. Give c(118).
135
Let s(y) = 2312*y + 189752. What is s(-82)?
168
Let z(v) = v**3 - 148*v**2 + 1453*v + 6942. Give z(137).
-456
Let m(l) = -29*l**3 + 120*l**2 + 5598*l - 22431. Determine m(4).
25
Let n(r) = -r**2 - 680*r - 28558. What is n(-45)?
17
Let j(q) = 40*q**2 - 7754*q - 1122. Determine j(194).
42
Let o(a) = -a**2 + 157*a - 5354. Calculate o(93).
598
Let d(j) = -5377*j + 129049. What is d(24)?
1
Let x(d) = -1380*d - 220920. Calculate x(-160).
-120
Let s(t) = -107555*t + 214926. What is s(2)?
-184
Let c(z) = 55*z**2 - 1737*z - 3. What is c(31)?
-995
Let h(r) = -r**2 + 267*r - 13855. Determine h(70).
-65
Let s(p) = -37*p**2 - 111*p - 33. Determine s(-4).
-181
Let l(g) = 4074*g + 12453. Determine l(-3).
231
Let i(d) = 7*d**3 - 82*d**2 - 1089*d + 12779. Give i(12).
-1
Let o(i) = -146367*i + 18. What is o(0)?
18
Let u(g) = -4728*g - 52108. What is u(-11)?
-100
Let s(y) = 14*y**3 + 1643*y**2 + 588*y + 335. Calculate s(-1